4 + (0 - (-2 + 6))?
1
Evaluate (2 - 0) + (-6 - -5) - 2.
-1
-1 + -1 - (-11 - (-22 + 9))
-4
Evaluate -1 - 3 - 1 - -7.
2
Calculate -13 - (-7 + 1) - -4.
-3
What is -6 + (-2 - (8 + -10))?
-6
Calculate -11 + (-1 - -21) + -11.
-2
What is (-4 - -1) + 2 - -4?
3
Evaluate -1 - -1 - 8 - -5.
-3
What is the value of -1 - (14 + -1) - -14?
0
What is 1 + 0 + -3 + 4 - 4?
-2
13 + -5 + -7 + -2 + 1
0
Calculate -1 + 0 - (6 + -10).
3
-2 - ((-5 - -1) + (6 - 4))
0
Evaluate 0 - -6 - (16 - (-1 - -14)).
3
Calculate 11 + -5 + 2 - 5.
3
Calculate (-9 + 23 - 5) + -4 + 0.
5
What is the value of -1 + (0 - 3) + -1 + 4?
-1
Calculate 1 + 3 + (-9 - -3).
-2
Calculate -1 - (11 + -9 + 1 + 0).
-4
Calculate 1 + -5 - (-5 - (-11 + 7)).
-3
What is (0 - -3) + (30 - 31)?
2
What is the value of -24 - -24 - (-4 + 0)?
4
What is 13 + -16 + -1 + 6?
2
15 + 0 - (-65 + 72)
8
-4 + 7 - (7 - 1)
-3
Calculate (-25 - -23) + (0 + 1 - -1).
0
2 + -1 - (167 + -161)
-5
Evaluate (-6 - -2) + 3 - 1.
-2
-4 - (-3 - -5) - -4
-2
Calculate -7 - (11 + -24 + 7).
-1
Evaluate (3 + -1 - -3) + (21 - 22).
4
What is 3 - 1 - ((-5 - -2) + 4)?
1
Evaluate 1 + -6 + -13 + -4 + 14.
-8
What is the value of 2 + -4 + (1 - -2 - 1)?
0
Calculate 3 + 3 + -6 - 5 - -1.
-4
Evaluate 1 + 1 - 2 - (-2 + 1).
1
What is the value of -3 - -5 - (4 - 1)?
-1
Evaluate 2 - (-11 + 11 + 4).
-2
What is the value of (3 - -4 - 14) + 0 + 6?
-1
Evaluate -2 + 9 + -3 + 0.
4
Calculate (2 - -2) + (3 - (-7 + 12)).
2
-2 - (2 + 5 + -6)
-3
What is the value of (0 - -4) + (1 - 7)?
-2
Evaluate -4 + 2 + -3 + 9 + -5.
-1
3 - (1 - 1) - 10
-7
What is -7 - (-4 + -23) - 10?
10
What is the value of 5 + (-3 - -7) + -8 + 2?
3
What is -15 + 12 + (-1 - 1)?
-5
What is the value of 2 + (-1 - 3) - (1 + -5)?
2
-13 - -8 - 1 - -2
-4
What is the value of 1 - (2 + -2 + (-5 - -2))?
4
Calculate (7 - 1) + (-1 - 3) + -1.
1
-1 + 0 + -2 - -8
5
What is the value of -8 + 9 - 5 - 2?
-6
(4 - (-4 + 4)) + (-4 - -5)
5
3 + 2 + -5 + -4
-4
What is the value of -1 + 1 + 1 + 2 + -2?
1
Calculate 217 + -210 - (1 + 6).
0
3 - (1 + 10 + -9)
1
Calculate (4 + -2 - 0) + 1.
3
3 + 0 + -3 - 4
-4
Evaluate -9 + 10 + -5 - (-2 - -2).
-4
What is the value of (-1 - 3) + -3 + 7 - -4?
4
Calculate 2 - (4 + -2) - -1.
1
Calculate (-26 - -26) + (-3 - -1).
-2
(1 - (-3 - (-4 - -4))) + -5
-1
What is 3 - (0 + 8) - -6?
1
Calculate 0 + 1 + (-18 - -8).
-9
Calculate -79 + 90 - (10 - 1).
2
6 - 1 - (-2 - (-4 + 3))
6
What is the value of -11 - 1 - (119 + -129)?
-2
(-5 - (2 + (-6 - -4))) + 5
0
What is -1 + 2 - (-4 + 2)?
3
What is -4 + (3 - 2) + (8 - 4)?
1
What is the value of -7 + 8 - (-3 - -2 - 4)?
6
Calculate (-2 - 0 - (1 + -3)) + -4.
-4
1 + 8 + -9 + 8
8
What is the value of (-2 + -1 + -3 - -8) + 3?
5
What is 6 - (-2 + 0 + 1)?
7
What is the value of -5 + 10 - 6 - 0?
-1
3 + (2 - (-5 - -4)) - 8
-2
Evaluate -1 + -11 + 13 + -2.
-1
Calculate -1 + (-12 - -8) + 10.
5
Calculate 8 + -1 + -2 + (16 - 22).
-1
What is the value of 1 + -15 - (67 + -89)?
8
What is 1 + -4 + 2 + 6 + -3?
2
What is the value of 5 - (-8 - -18) - (-5 + -1)?
1
What is the value of 1 + (-3 - 8 - -7)?
-3
(11 + 8 - 8) + -8
3
What is the value of (0 + -11 - -7) + 5?
1
(2 - (4 - 0)) + -1
-3
What is the value of -3 + (-3 - -7 - -4)?
5
What is the value of (6 - (6 - 2)) + (-4 - -2)?
0
Calculate 5 - (11 + -1 + 0).
-5
15 + (-32 - -14) + 3
0
Calculate -1 - 6 - (2 + 4 + -4).
-9
Evaluate -6 + 24 - 5 - 9.
4
Evaluate 11 - (-1 - (1 - 8)).
5
Evaluate 1 + 4 + 2 + -2.
5
-8 - (0 + 4 - 11)
-1
Evaluate -6 - (6 + -12 - 5).
5
(2 - 9) + 10 - 3
0
-1 + (4 - (4 - 5))
4
What is the value of -18 + 15 + (1 - -6)?
4
Calculate 5 - 13 - (-2 - 13).
7
Evaluate 1 - 0 - (1 + (5 - 4)).
-1
What is 5 + 5 + -11 + 6?
5
What is the value of (2 + -6 - -3 - -5) + 6?
10
What is the value of -1 + -1 + (7 - 17 - -7)?
-5
What is the value of 1 + 1 + (8 - 1 - 5)?
4
1 + 4 + -8 + 11
8
(0 - -1) + (-3 - 0)
-2
What is 0 - -2 - -1 - (27 + -28)?
4
Evaluate 1 - 1 - -1 - (-1 - 2).
4
Evaluate (-5 - -10) + 2 - 12.
-5
(3 - -2) + (1 - (2 + -1))
5
What is -4 + (1 - 4 - -8)?
1
Evaluate -9 - (-16 - (8 + -11)).
4
What is the value of 1 - 6 - -3 - (-4 + -1)?
3
What is -3 - -5 - (-6 - -3 - -4)?
1
What is -1 + 3 + -4 - (-2 + 1)?
-1
171 - 178 - (-6 + 1)
-2
What is (-8 - -7 - -6 - 18) + 2?
-11
Evaluate (-2 + -5 - (-12 + -1)) + -4.
2
What is the value of -1 + (2 - 0 - (-1 - 7))?
9
What is -1 - (-5 - (-5 - -2)) - 2?
-1
What is the value of 17 - (1 - (-8 + -2))?
6
What is (-2 - -2) + (1 - 0) - -4?
5
-6 - (3 + (-16 - -7))
0
What is (-2 - 1) + (-4 - (-2 - 1))?
-4
Evaluate -7 + 5 - (-3 + 1 + -4).
4
Calculate 1 + (9 - 6) + -4.
0
What is (2 - -1 - (14 - 1)) + 3?
-7
Calculate (-3 - -1) + -2 + (-2 - -10).
4
Calculate -3 - ((1 - -1) + (-43 - -43)).
-5
What is the value of -6 - (-1 + -18) - 8?
5
What is the value of (69 - 62) + (-12 - (1 + 1))?
-7
Evaluate -5 + (-2 + 1 - (-3 - -1)).
-4
What is the value of (2 - -3) + -2 - (-6 + 7)?
2
1 + (-1 - -5 - (-41 - -43))
3
Evaluate (-2 - (-4 + 5 + 6)) + 2.
-7
What is the value of -2 + 1 + (20 - 18) - 1?
0
0 - ((-2 - (-5 - -1)) + -1)
-1
Evaluate (7 + (1 - 7) - 7) + 11.
5
(-3 + 3 - 0) + 2 - 3
-1
Evaluate -2 - (5 - (-2 + 0 + 4)).
-5
What is the value of (2 - 9) + 34 + -28?
-1
Evaluate -2 + (5 - 5 - 1) + -4.
-7
Evaluate 1 + -3 + -1 + -3 + 6.
0
What is the value of (3 - (-9 + 11)) + (1 - 5)?
-3
Calculate -12 + 15 + -1 + 1.
3
-1 - (-1 + -1 + 0 - 3)
4
What is the value of -5 - -6 - 3 - -5?
3
What is 2 - 0 - (6 + 2 + -3)?
-3
Calculate 3 + -12 + (4 - 3).
-8
Calculate -1 - ((2 - 1) + 12 + -13).
-1
0 - -2 - (-1 - -4)
-1
Evaluate -1 - ((-5 - -9) + (-8 - -1)).
2
(-36 - -31 - (1 - 2)) + -1
-5
What is the value of (-3 - -6) + -7 - (3 + -6)?
-1
Calculate 5 + -5 - (2 - 6).
4
Evaluate 5 + 4 + -8 - (-1 + -2).
4
What is -2 - (1 + 0 + (-1 - 1))?
-1
(0 - -14) + 24 + -34
4
Evaluate (-4 - (-2 + 0)) + 1 + 1.
0
Evaluate -28 - -27 - (4 + -2).
-3
1 + 2 - (2 - -6)
-5
What is the value of 2 - (-6 + (6 - 6 - -12))?
-4
What is the value of (1 - 2) + 2 + -2?
-1
What is the value of (-1 - -3) + 5 + -5 + -7?
-5
What is -2 + 3 + 1 + -8?
-6
Calculate -1 + (4 - (-4 + 8)).
-1
What is (0 - (4 + -8 - -9)) + 7?
2
What is 5 + 5 + -8 + 0 + -1?
1
(-2 - (1 + 2)) + (10 - 10)
-5
0 - (2 - ((3 - 6) + 7))
2
(8 - (1 - -2)) + 0
5
What is the value of 0 + (-5 - -3) + 3?
1
Evaluate (4 - 9 - 1) + 1 + 2.
-3
(2 - -1) + 6 + -6
3
Evaluate 0 - -4 - (2 - (-1 + 2)).
3
What is 0 + (-21 + 5 - -12)?
-4
What is -3 + -3 + 12 + 0?
6
-49 - -49 - (-1 + 5)
-4
(1 - 6) + 6 + 1
2
What is the value of (7 - (14 - (-3 + 5))) + 0?
-5
What is 13 + (-23 - -9) + (5 - 1)?
3
0 - (4 - (2 + 4))
2
What is the value of 3 + (-9 - (-2 - -2)) + 7?
1
What is -3 + 3 + 0 - 5?
-5
What is 6 - (-1 - (6 + (-4 - 4)))?
5
What is the value of (-4 + 4 - -6) + 2?
8
Evaluate 1 + 2 + -7 - -1.
-3
(14 - 8) + -1 - 14
-9
(-1 - (8 + -5 + -7)) + -1
2
Evaluate (4 - (9 - 9)) + -6.
-2
What is (-22 - -10) + 1 + 12?
1
What is 1 + (-6 - -3) + 2 + 1?
1
Calculate -8 + 0 - (10 + -1 + -13).
-4
What is -3 + 10 - ((-1 - 2) + 6)?
4
What is 2 + (1 - (-3 - -8))?
-2
What is the value of 7 + (-1 - 0) + -5 + 0?
1
(-4 - (4 - 3) - -6) + 1
2
What is -4 + 3 + (-1 - -4) + -4?
-2
Evaluate 0 - 2 - 1 - (-170 + 172).
-5
1 + -10 + 1 - (10 - 27)
9
What is -2 - (-2 + 1 + -4)?
3
Evaluate (2 - 0) + (8 - 8) - -3.
5
Evaluate (1 - -3) + -1 + -7.
-4
Evaluate (15 - 2 - 11) + (-8 - -1).
-5
Evaluate -14 + 3 - (0 + -1).
-10
105 + -103 + (1 + 1 - 0)
4
Calculate 3 + -4 - (-14 - -4).
9
(-3 - -8) + (-4 - -3)
4
(1 + 4 - 3) + -4
-2
What is the value of (-2 - 6) + (9 - 6)?
-5
What is (0 - 8) + 4 - 2?
-6
What is -18 + -1 + -1 - -11?
-9
-4 - (0 + 0 + -3)
-1
Evaluate (-2 - -8) + 11 + (3 - 18).
2
Evaluate (12 - 8) + 0 + (0 - 1).
3
1 + -5 + 5 - (-5 - -5)
1
Evaluate (-1 - (1 + 1)) + 25 + -27.
-5
Evaluate (2 - -7 - 4 - 1) + -1.
3
What is the value of 1 - (-2 + 1) - 7?
-5
Evaluate -3 + (-4 + 9 - 4).
-2
Evaluate (-10 - (-24 - -4)) + -9.
1
What is the value of 1 + (-8 - -2) + 2 - -1?
-2
What is the value of (20 - 21) + 0 + -1?
-2
Evaluate -5 - 0 - (-4 - (-8 - -4)).
-5
11 + -12 - (0 + 1)
-2
Calculate -9 + 1 + (-4 - (-10 - -5)).
-7
Evaluate -3 + -6 + (16 - 11).
-4
What is 7 + (-5 + -8 - 0)?
-6
-1 + -3 + (-1 - -4) - 2
-3
What is the value of 8 - (4 + -9 + 3 + 8)?
2
Calculate 4 - 3 - (-1 + -3).
5
What is 29 + -30 + 1 + -2?
-2
What is (-2 - (-9 - -13)) + 8 + -2?
0
-5 + -1 + 0 - -12 - 6